 are the prime factors of 910542?
2, 3, 29, 5233
What are the prime factors of 56240693?
56240693
List the prime factors of 2860566084.
2, 3, 97, 273059
What are the prime factors of 48196466?
2, 61, 179, 2207
List the prime factors of 49492803.
3, 23, 257, 2791
List the prime factors of 961495563.
3, 7, 45785503
List the prime factors of 17202072.
2, 3, 431, 1663
What are the prime factors of 330532996?
2, 82633249
List the prime factors of 150818006.
2, 1609, 46867
What are the prime factors of 7154468151?
3, 229, 10414073
What are the prime factors of 27472031?
1951, 14081
What are the prime factors of 195182834?
2, 7, 11, 71, 17851
List the prime factors of 269885400.
2, 3, 5, 37, 12157
What are the prime factors of 41220365?
5, 283, 29131
List the prime factors of 974233807.
17, 31, 1848641
What are the prime factors of 2394839552?
2, 7, 668203
List the prime factors of 517174147.
7, 31, 2383291
What are the prime factors of 2175097164?
2, 3, 17, 10662241
List the prime factors of 44801938.
2, 61, 367229
List the prime factors of 2172868691.
7, 193, 229763
List the prime factors of 2663743176.
2, 3, 36996433
What are the prime factors of 9545930?
2, 5, 29, 32917
What are the prime factors of 811726198?
2, 6871, 59069
What are the prime factors of 16567131?
3, 7, 73, 101, 107
List the prime factors of 3228044216.
2, 19, 3229, 6577
What are the prime factors of 228197671?
13, 1823, 9629
List the prime factors of 114557157.
3, 11, 13, 41, 167
List the prime factors of 4109949035.
5, 821989807
List the prime factors of 130793009.
130793009
List the prime factors of 75068735.
5, 7, 61, 5023
List the prime factors of 146478684.
2, 3, 11, 101, 10987
List the prime factors of 314558984.
2, 19, 31, 241, 277
List the prime factors of 119282861.
263, 647, 701
List the prime factors of 416528084.
2, 7, 17, 271, 3229
List the prime factors of 91044839.
3719, 24481
What are the prime factors of 100671384?
2, 3, 11, 31, 12301
List the prime factors of 68073596.
2, 101, 168499
What are the prime factors of 234264814?
2, 7, 1523, 10987
What are the prime factors of 3600936782?
2, 27919, 64489
List the prime factors of 90742404.
2, 3, 19, 20947
List the prime factors of 188691940.
2, 5, 9434597
List the prime factors of 660954470.
2, 5, 11, 6008677
What are the prime factors of 3534972015?
3, 5, 235664801
What are the prime factors of 28926654?
2, 3, 4821109
What are the prime factors of 69940811?
103, 679037
List the prime factors of 2613123348.
2, 3, 11, 19796389
List the prime factors of 62954553.
3, 17, 379, 3257
List the prime factors of 142641814.
2, 7, 23, 442987
List the prime factors of 1186370220.
2, 3, 5, 7, 37, 76343
List the prime factors of 4539528234.
2, 3, 252196013
List the prime factors of 413757450.
2, 3, 5, 47, 6521
List the prime factors of 78717593.
8447, 9319
List the prime factors of 56008916.
2, 53, 349, 757
List the prime factors of 60858014.
2, 7, 4347001
What are the prime factors of 1189951408?
2, 74371963
What are the prime factors of 105183439?
23, 1307, 3499
List the prime factors of 81538356.
2, 3, 6794863
What are the prime factors of 2796296169?
3, 15349, 60727
List the prime factors of 136667110.
2, 5, 13666711
List the prime factors of 5827197.
3, 1942399
What are the prime factors of 70386236?
2, 809, 21751
List the prime factors of 5580435.
3, 5, 7, 53147
What are the prime factors of 265070833?
79, 97, 34591
What are the prime factors of 2762213904?
2, 3, 97, 197753
List the prime factors of 101302757.
73, 601, 2309
List the prime factors of 818731888.
2, 13, 19, 207169
List the prime factors of 53744926.
2, 43, 229, 2729
What are the prime factors of 283750444?
2, 70937611
What are the prime factors of 205989620?
2, 5, 163, 179, 353
List the prime factors of 713727498.
2, 3, 11, 227, 47639
What are the prime factors of 167233761?
3, 6193843
What are the prime factors of 118195440?
2, 3, 5, 11, 44771
List the prime factors of 255426076.
2, 63856519
List the prime factors of 2615207839.
317, 1669, 4943
What are the prime factors of 4459932?
2, 3, 123887
What are the prime factors of 261048840?
2, 3, 5, 13, 167339
List the prime factors of 1393505223.
3, 11, 1171, 36061
What are the prime factors of 2489473267?
27241, 91387
What are the prime factors of 3870063600?
2, 3, 5, 13, 17, 14593
List the prime factors of 43659733.
13, 3358441
What are the prime factors of 105789916?
2, 26447479
List the prime factors of 181303954.
2, 13, 6973229
List the prime factors of 393293825.
5, 19, 827987
What are the prime factors of 110606812?
2, 29, 953507
What are the prime factors of 174444430?
2, 5, 17444443
What are the prime factors of 89291177?
43, 2076539
List the prime factors of 25917217.
1447, 17911
List the prime factors of 181398139.
13, 2243, 6221
What are the prime factors of 425557117?
19, 22397743
What are the prime factors of 3187118397?
3, 12161, 87359
What are the prime factors of 1795290077?
7, 36638573
List the prime factors of 97731890.
2, 5, 2671, 3659
What are the prime factors of 268722938?
2, 11, 23, 41, 12953
List the prime factors of 458247425.
5, 31, 591287
List the prime factors of 382487774.
2, 131, 271, 5387
List the prime factors of 1926203814.
2, 3, 1277, 9311
What are the prime factors of 148996477?
7, 21285211
List the prime factors of 19921367.
19, 41, 107, 239
What are the prime factors of 123617375?
5, 7, 141277
List the prime factors of 159265042.
2, 29, 31, 283, 313
What are the prime factors of 2309563629?
3, 256618181
List the prime factors of 27504985.
5, 853, 6449
List the prime factors of 231940916.
2, 57985229
List the prime factors of 697141202.
2, 17, 20504153
What are the prime factors of 4698254292?
2, 3, 149, 1459, 1801
List the prime factors of 252334797.
3, 11, 13, 67, 8779
What are the prime factors of 39299978?
2, 19649989
What are the prime factors of 397246899?
3, 7, 18916519
List the prime factors of 2967666784.
2, 92739587
What are the prime factors of 5581676695?
5, 7, 159476477
What are the prime factors of 15526146?
2, 3, 83, 31177
What are the prime factors of 7290967829?
223, 32694923
List the prime factors of 177237774.
2, 3, 7, 468883
List the prime factors of 287095822.
2, 13, 1753, 6299
List the prime factors of 2838439981.
13, 4861, 44917
What are the prime factors of 494613291?
3, 139, 499, 2377
List the prime factors of 3174988746.
2, 3, 529164791
List the prime factors of 23448837.
3, 7816279
List the prime factors of 495617172.
2, 3, 941, 43891
What are the prime factors of 15530627?
7, 1051, 2111
What are the prime factors of 309866515?
5, 7, 8853329
List the prime factors of 1449076404.
2, 3, 97, 1244911
What are the prime factors of 19939983?
3, 7, 949523
What are the prime factors of 20681433?
3, 31, 24709
What are the prime factors of 4168682?
2, 7, 131, 2273
List the prime factors of 12451304.
2, 1556413
What are the prime factors of 2605950928?
2, 7, 19, 174943
List the prime factors of 357386565.
3, 5, 197, 120943
What are the prime factors of 565843869?
3, 61, 1030681
What are the prime factors of 95905108?
2, 13, 1844329
What are the prime factors of 411312163?
197, 2087879
List the prime factors of 70260176.
2, 7, 19, 137, 241
What are the prime factors of 1754533415?
5, 103, 367, 9283
What are the prime factors of 72092970?
2, 3, 5, 83, 3217
What are the prime factors of 124163934?
2, 3, 37, 559297
What are the prime factors of 56580228?
2, 3, 139, 3769
List the prime factors of 831349817.
523, 977, 1627
What are the prime factors of 1088004521?
4409, 246769
List the prime factors of 342969914.
2, 7, 73, 191, 251
List the prime factors of 763947529.
433, 1764313
List the prime factors of 546444933.
3, 182148311
What are the prime factors of 68821771?
47, 1464293
List the prime factors of 1822042552.
2, 11, 20705029
What are the prime factors of 655072947?
3, 24261961
What are the prime factors of 105253173?
3, 541, 21617
List the prime factors of 537817075.
5, 103, 331, 631
List the prime factors of 149542855.
5, 7, 11, 7927
List the prime factors of 57152175.
3, 5, 863, 883
List the prime factors of 1601585579.
11, 283, 401, 1283
What are the prime factors of 89381125?
5, 715049
What are the prime factors of 71265325?
5, 29, 98297
List the pri